{"id":183,"date":"2023-03-28T18:49:12","date_gmt":"2023-03-28T17:49:12","guid":{"rendered":"http:\/\/naszakrajna.org2\/?page_id=183"},"modified":"2026-03-31T11:14:40","modified_gmt":"2026-03-31T10:14:40","slug":"lsr-2020-2027","status":"publish","type":"page","link":"https:\/\/naszakrajna.org\/index.php\/lsr-2020-2027\/","title":{"rendered":"LSR 2020-2027"},"content":{"rendered":"\n<p><strong>Dokumenty do pobrania:<\/strong><\/p>\n\n\n\n<div class=\"wp-block-file\"><a id=\"wp-block-file--media-386c815b-572b-4aba-b8a2-f86f736a3b58\" href=\"https:\/\/naszakrajna.org\/wp-content\/uploads\/2025\/06\/umowa-ramowa-12.12.2023-r.pdf\">umowa ramowa 12.12.2023 r.<\/a><a href=\"https:\/\/naszakrajna.org\/wp-content\/uploads\/2025\/06\/umowa-ramowa-12.12.2023-r.pdf\" class=\"wp-block-file__button wp-element-button\" download aria-describedby=\"wp-block-file--media-386c815b-572b-4aba-b8a2-f86f736a3b58\">Pobierz<\/a><\/div>\n\n\n\n<div class=\"wp-block-group\"><div class=\"wp-block-group__inner-container is-layout-constrained wp-block-group-is-layout-constrained\">\n<div class=\"wp-block-file\"><a id=\"wp-block-file--media-d0d0ec89-bb1f-4bcc-b34d-221ae8d44ddb\" href=\"https:\/\/naszakrajna.org\/wp-content\/uploads\/2025\/06\/aneks-nr-1-do-umowy-ramowej.pdf\">aneks nr 1 do umowy ramowej<\/a><a href=\"https:\/\/naszakrajna.org\/wp-content\/uploads\/2025\/06\/aneks-nr-1-do-umowy-ramowej.pdf\" class=\"wp-block-file__button wp-element-button\" download aria-describedby=\"wp-block-file--media-d0d0ec89-bb1f-4bcc-b34d-221ae8d44ddb\">Pobierz<\/a><\/div>\n<\/div><\/div>\n\n\n\n<div class=\"wp-block-file\"><a id=\"wp-block-file--media-2119a2ee-97a5-4862-a553-4c20ca687342\" href=\"https:\/\/naszakrajna.org\/wp-content\/uploads\/2025\/06\/aneks-nr-2-do-umowy-ramowej.pdf\">aneks nr 2 do umowy ramowej<\/a><a href=\"https:\/\/naszakrajna.org\/wp-content\/uploads\/2025\/06\/aneks-nr-2-do-umowy-ramowej.pdf\" class=\"wp-block-file__button wp-element-button\" download aria-describedby=\"wp-block-file--media-2119a2ee-97a5-4862-a553-4c20ca687342\">Pobierz<\/a><\/div>\n\n\n\n<div class=\"wp-block-file\"><a id=\"wp-block-file--media-e3cce738-84a1-4a96-8ed2-b4e9fcf494a2\" href=\"https:\/\/naszakrajna.org\/wp-content\/uploads\/2025\/06\/aneks-nr-3-do-umowy-ramowej.pdf\">aneks nr 3 do umowy ramowej<\/a><a href=\"https:\/\/naszakrajna.org\/wp-content\/uploads\/2025\/06\/aneks-nr-3-do-umowy-ramowej.pdf\" class=\"wp-block-file__button wp-element-button\" download aria-describedby=\"wp-block-file--media-e3cce738-84a1-4a96-8ed2-b4e9fcf494a2\">Pobierz<\/a><\/div>\n\n\n\n<div class=\"wp-block-file\"><a id=\"wp-block-file--media-fa83d7b9-818e-43a9-8205-ede53c47cb18\" href=\"https:\/\/naszakrajna.org\/wp-content\/uploads\/2025\/06\/ANEKS-NR-4-DO-UMOWY.pdf\">aneks nr 4 do umowy ramowej<\/a><a href=\"https:\/\/naszakrajna.org\/wp-content\/uploads\/2025\/06\/ANEKS-NR-4-DO-UMOWY.pdf\" class=\"wp-block-file__button wp-element-button\" download aria-describedby=\"wp-block-file--media-fa83d7b9-818e-43a9-8205-ede53c47cb18\">Pobierz<\/a><\/div>\n\n\n\n<div class=\"wp-block-file\"><a id=\"wp-block-file--media-a0ebe2b8-d393-4012-a4e6-480a30aeb22d\" href=\"https:\/\/naszakrajna.org\/wp-content\/uploads\/2024\/12\/LSR2023-2029-z-10.2024.pdf\">LSR2023-2029 z 10.2024<\/a><a href=\"https:\/\/naszakrajna.org\/wp-content\/uploads\/2024\/12\/LSR2023-2029-z-10.2024.pdf\" class=\"wp-block-file__button wp-element-button\" download aria-describedby=\"wp-block-file--media-a0ebe2b8-d393-4012-a4e6-480a30aeb22d\">Pobierz<\/a><\/div>\n\n\n\n<div class=\"wp-block-file\"><a id=\"wp-block-file--media-28f764d2-d72e-4f1b-8098-ddb5f8b03377\" href=\"https:\/\/naszakrajna.org\/wp-content\/uploads\/2024\/03\/Formularz-1_Cele-i-Przedsiewziecia.pdf\">Cele i Przedsi\u0119wzi\u0119cia<\/a><a href=\"https:\/\/naszakrajna.org\/wp-content\/uploads\/2024\/03\/Formularz-1_Cele-i-Przedsiewziecia.pdf\" class=\"wp-block-file__button wp-element-button\" download aria-describedby=\"wp-block-file--media-28f764d2-d72e-4f1b-8098-ddb5f8b03377\">Pobierz<\/a><\/div>\n\n\n\n<div class=\"wp-block-file\"><a id=\"wp-block-file--media-e4c02e8b-9f1f-49c1-9584-1c7f6ac0b008\" href=\"https:\/\/naszakrajna.org\/wp-content\/uploads\/2025\/10\/Plan-Dzialania-09.2024v2.pdf\">Plan Dzia\u0142ania 09.2024v2<\/a><a href=\"https:\/\/naszakrajna.org\/wp-content\/uploads\/2025\/10\/Plan-Dzialania-09.2024v2.pdf\" class=\"wp-block-file__button wp-element-button\" download aria-describedby=\"wp-block-file--media-e4c02e8b-9f1f-49c1-9584-1c7f6ac0b008\">Pobierz<\/a><\/div>\n\n\n\n<div class=\"wp-block-file\"><a id=\"wp-block-file--media-503a138e-0187-40f2-8289-0664e41820d0\" href=\"https:\/\/naszakrajna.org\/wp-content\/uploads\/2024\/03\/Plan-wykorzystania-budzetu-LSR.pdf\">Plan wykorzystania bud\u017cetu LSR<\/a><a href=\"https:\/\/naszakrajna.org\/wp-content\/uploads\/2024\/03\/Plan-wykorzystania-budzetu-LSR.pdf\" class=\"wp-block-file__button wp-element-button\" download aria-describedby=\"wp-block-file--media-503a138e-0187-40f2-8289-0664e41820d0\">Pobierz<\/a><\/div>\n\n\n\n<div class=\"wp-block-file\"><a id=\"wp-block-file--media-6223b61b-7826-4a79-b99a-691b84c31ee7\" href=\"https:\/\/naszakrajna.org\/wp-content\/uploads\/2025\/10\/nowy-Regulamin-Rady-Decyzyjnej-zatwierdzony_II_2025.pdf\">Regulamin Rady Decyzyjnej zatwierdzony_II_2025<\/a><a href=\"https:\/\/naszakrajna.org\/wp-content\/uploads\/2025\/10\/nowy-Regulamin-Rady-Decyzyjnej-zatwierdzony_II_2025.pdf\" class=\"wp-block-file__button wp-element-button\" download aria-describedby=\"wp-block-file--media-6223b61b-7826-4a79-b99a-691b84c31ee7\">Pobierz<\/a><\/div>\n\n\n\n<div class=\"wp-block-file\"><a id=\"wp-block-file--media-a0f3245f-eb2f-4fc0-a486-61cb9dfe501b\" href=\"https:\/\/naszakrajna.org\/wp-content\/uploads\/2025\/12\/PLAN-KOMUNIKACJI-wer.-1-z-dnia-15.12.2025-r_Druk.docx\" target=\"_blank\" rel=\"noreferrer noopener\">PLAN KOMUNIKACJI wer. 1 z dnia 15.12.2025 r<\/a><a href=\"https:\/\/naszakrajna.org\/wp-content\/uploads\/2025\/12\/PLAN-KOMUNIKACJI-wer.-1-z-dnia-15.12.2025-r_Druk.docx\" class=\"wp-block-file__button wp-element-button\" download aria-describedby=\"wp-block-file--media-a0f3245f-eb2f-4fc0-a486-61cb9dfe501b\">Pobierz<\/a><\/div>\n\n\n\n<div class=\"wp-block-file\"><a id=\"wp-block-file--media-14d0ac91-333c-4794-80cd-bd64fdd761eb\" href=\"https:\/\/naszakrajna.org\/wp-content\/uploads\/2025\/06\/harmonogram-realizacji-planu-KOMUNIKACJI.pdf\" target=\"_blank\" rel=\"noreferrer noopener\">Harmonogram realizacji planu KOMUNIKACJI 2025 r.<\/a><a href=\"https:\/\/naszakrajna.org\/wp-content\/uploads\/2025\/06\/harmonogram-realizacji-planu-KOMUNIKACJI.pdf\" class=\"wp-block-file__button wp-element-button\" download aria-describedby=\"wp-block-file--media-14d0ac91-333c-4794-80cd-bd64fdd761eb\">Pobierz<\/a><\/div>\n\n\n\n<div class=\"wp-block-file\"><a id=\"wp-block-file--media-7d784af4-cd72-484e-9b50-903b825f2bd4\" href=\"https:\/\/naszakrajna.org\/wp-content\/uploads\/2025\/12\/har.-realizacji-planu-KOMUNIKACJI_11_2026.docx\">Harmonogram realizacji planu KOMUNIKACJI_11_2026<\/a><a href=\"https:\/\/naszakrajna.org\/wp-content\/uploads\/2025\/12\/har.-realizacji-planu-KOMUNIKACJI_11_2026.docx\" class=\"wp-block-file__button wp-element-button\" download aria-describedby=\"wp-block-file--media-7d784af4-cd72-484e-9b50-903b825f2bd4\">Pobierz<\/a><\/div>\n\n\n\n<div class=\"wp-block-file\"><a id=\"wp-block-file--media-7ee48eab-b95b-4497-8e46-c1c8d053842b\" href=\"https:\/\/naszakrajna.org\/wp-content\/uploads\/2024\/12\/Ankieta_monitorujaca-2024.docx\" target=\"_blank\" rel=\"noreferrer noopener\">Ankieta_monitoruj\u0105ca 2024<\/a><a href=\"https:\/\/naszakrajna.org\/wp-content\/uploads\/2024\/12\/Ankieta_monitorujaca-2024.docx\" class=\"wp-block-file__button wp-element-button\" download aria-describedby=\"wp-block-file--media-7ee48eab-b95b-4497-8e46-c1c8d053842b\">Pobierz<\/a><\/div>\n\n\n\n<div class=\"wp-block-file\"><a id=\"wp-block-file--media-56595700-d231-420d-a6f8-7ca6dc616577\" href=\"https:\/\/naszakrajna.org\/wp-content\/uploads\/2025\/03\/2024-inf.-o-sposobie-wykorzystania-srodkow-finansowych-PS-WPR.pdf\">2024 inf. o sposobie wykorzystania \u015brodk\u00f3w finansowych PS WPR<\/a><a href=\"https:\/\/naszakrajna.org\/wp-content\/uploads\/2025\/03\/2024-inf.-o-sposobie-wykorzystania-srodkow-finansowych-PS-WPR.pdf\" class=\"wp-block-file__button wp-element-button\" download aria-describedby=\"wp-block-file--media-56595700-d231-420d-a6f8-7ca6dc616577\">Pobierz<\/a><\/div>\n\n\n\n<div class=\"wp-block-file\"><a id=\"wp-block-file--media-8634bbd1-ebf1-49cb-b94d-bd967035aa01\" href=\"https:\/\/naszakrajna.org\/wp-content\/uploads\/2026\/02\/2025-inf.-o-sposobie-wykorzystania-srodkow-finansowych-PS-WPR.pdf\">2025 inf. o sposobie wykorzystania \u015brodk\u00f3w finansowych PS WPR (opublikowano 27.02.2025 r.)<\/a><a href=\"https:\/\/naszakrajna.org\/wp-content\/uploads\/2026\/02\/2025-inf.-o-sposobie-wykorzystania-srodkow-finansowych-PS-WPR.pdf\" class=\"wp-block-file__button wp-element-button\" download aria-describedby=\"wp-block-file--media-8634bbd1-ebf1-49cb-b94d-bd967035aa01\">Pobierz<\/a><\/div>\n\n\n\n<h2 class=\"wp-block-heading\">Instrukcja wype\u0142niania wniosku o p\u0142atno\u015b\u0107 oraz za\u0142\u0105cznika \u201eZestawienie dokument\u00f3w\u201d, kt\u00f3ry nale\u017cy uwzgl\u0119dni\u0107 przy operacjach rycza\u0142towych<\/h2>\n\n\n\n<div class=\"wp-block-file\"><a id=\"wp-block-file--media-ec1cf7a0-4d6b-496f-964b-3b3e1f34e312\" href=\"https:\/\/naszakrajna.org\/wp-content\/uploads\/2026\/01\/Instrukcja-wypelniania-wniosku-o-platnosc-dla-I.13.1-WDR-1.pdf\">Instrukcja wype\u0142niania wniosku o p\u0142atno\u015b\u0107 dla I.13.1 WDR<\/a><a href=\"https:\/\/naszakrajna.org\/wp-content\/uploads\/2026\/01\/Instrukcja-wypelniania-wniosku-o-platnosc-dla-I.13.1-WDR-1.pdf\" class=\"wp-block-file__button wp-element-button\" download aria-describedby=\"wp-block-file--media-ec1cf7a0-4d6b-496f-964b-3b3e1f34e312\">Pobierz<\/a><\/div>\n\n\n\n<div class=\"wp-block-file\"><a id=\"wp-block-file--media-bdc5c2f0-8355-4a21-8fce-1b8b208766dd\" href=\"https:\/\/naszakrajna.org\/wp-content\/uploads\/2026\/01\/Zalacznik-dla-ryczaltu-Zestawienie-dokumentow-1.xlsx\">Za\u0142\u0105cznik dla rycza\u0142tu Zestawienie dokument\u00f3w<\/a><a href=\"https:\/\/naszakrajna.org\/wp-content\/uploads\/2026\/01\/Zalacznik-dla-ryczaltu-Zestawienie-dokumentow-1.xlsx\" class=\"wp-block-file__button wp-element-button\" download aria-describedby=\"wp-block-file--media-bdc5c2f0-8355-4a21-8fce-1b8b208766dd\">Pobierz<\/a><\/div>\n\n\n\n<h2 class=\"wp-block-heading\">Kryteria wyboru<\/h2>\n\n\n\n<div class=\"wp-block-file\"><a id=\"wp-block-file--media-94e84cc3-4347-4b85-b15d-291489f53420\" href=\"https:\/\/naszakrajna.org\/wp-content\/uploads\/2025\/07\/Lok_kryt_wyb-EFS-dostep-06.2025-druk-akcept.pdf\" target=\"_blank\" rel=\"noreferrer noopener\">Lok_kryt_wyb EFS+ dost\u0119p 06.2025 <\/a><a href=\"https:\/\/naszakrajna.org\/wp-content\/uploads\/2025\/07\/Lok_kryt_wyb-EFS-dostep-06.2025-druk-akcept.pdf\" class=\"wp-block-file__button wp-element-button\" download aria-describedby=\"wp-block-file--media-94e84cc3-4347-4b85-b15d-291489f53420\">Pobierz<\/a><\/div>\n\n\n\n<div class=\"wp-block-file\"><a id=\"wp-block-file--media-ac2c3231-a0ca-4ab9-a036-10c60a6cd232\" href=\"https:\/\/naszakrajna.org\/wp-content\/uploads\/2024\/10\/Zalacznik-funkcje-pozarolniczeVIII_2024_druk.pdf\" target=\"_blank\" rel=\"noreferrer noopener\">Za\u0142\u0105cznik funkcje pozarolniczeVIII_2024<\/a><a href=\"https:\/\/naszakrajna.org\/wp-content\/uploads\/2024\/10\/Zalacznik-funkcje-pozarolniczeVIII_2024_druk.pdf\" class=\"wp-block-file__button wp-element-button\" download aria-describedby=\"wp-block-file--media-ac2c3231-a0ca-4ab9-a036-10c60a6cd232\">Pobierz<\/a><\/div>\n\n\n\n<div class=\"wp-block-file\"><a id=\"wp-block-file--media-87c81ba4-b75d-4497-95fe-86cea1cbbe11\" href=\"https:\/\/naszakrajna.org\/wp-content\/uploads\/2024\/10\/Zalacznik-mala-infrastrukturaVIII_2024_Druk.pdf\" target=\"_blank\" rel=\"noreferrer noopener\">Za\u0142\u0105cznik ma\u0142a infrastrukturaVIII_2024<\/a><a href=\"https:\/\/naszakrajna.org\/wp-content\/uploads\/2024\/10\/Zalacznik-mala-infrastrukturaVIII_2024_Druk.pdf\" class=\"wp-block-file__button wp-element-button\" download aria-describedby=\"wp-block-file--media-87c81ba4-b75d-4497-95fe-86cea1cbbe11\">Pobierz<\/a><\/div>\n\n\n\n<div class=\"wp-block-file\"><a id=\"wp-block-file--media-656f5414-1863-4ad3-a590-6febcb48df1d\" href=\"https:\/\/naszakrajna.org\/wp-content\/uploads\/2025\/12\/Kryteria-Start_DG.pdf\" target=\"_blank\" rel=\"noreferrer noopener\">Kryteria Start_DG 2025<\/a><a href=\"https:\/\/naszakrajna.org\/wp-content\/uploads\/2025\/12\/Kryteria-Start_DG.pdf\" class=\"wp-block-file__button wp-element-button\" download aria-describedby=\"wp-block-file--media-656f5414-1863-4ad3-a590-6febcb48df1d\">Pobierz<\/a><\/div>\n\n\n\n<div class=\"wp-block-file\"><a id=\"wp-block-file--media-8ab7a911-f807-45d3-8a8f-04fa41091324\" href=\"https:\/\/naszakrajna.org\/wp-content\/uploads\/2024\/10\/Zalacznik-rozwijanieVIII_2024_druk.pdf\" target=\"_blank\" rel=\"noreferrer noopener\">Za\u0142\u0105cznik rozwijanieVIII_2024<\/a><a href=\"https:\/\/naszakrajna.org\/wp-content\/uploads\/2024\/10\/Zalacznik-rozwijanieVIII_2024_druk.pdf\" class=\"wp-block-file__button wp-element-button\" download aria-describedby=\"wp-block-file--media-8ab7a911-f807-45d3-8a8f-04fa41091324\">Pobierz<\/a><\/div>\n\n\n\n<p class=\"has-medium-font-size\">Regulamin doradztwa<\/p>\n\n\n\n<div class=\"wp-block-file\"><a id=\"wp-block-file--media-8e08598b-1731-4c55-97a8-ebca1acd5016\" href=\"https:\/\/naszakrajna.org\/wp-content\/uploads\/2026\/01\/zal.-5-REGULAMIN-DORADZTWA-SWIADCZONEGO-W-BIURZE-STOWARZYSZENIA-NASZA-KRAJNA.pdf\">REGULAMIN  DORADZTWA \u015aWIADCZONEGO W BIURZE STOWARZYSZENIA NASZA KRAJNA<\/a><a href=\"https:\/\/naszakrajna.org\/wp-content\/uploads\/2026\/01\/zal.-5-REGULAMIN-DORADZTWA-SWIADCZONEGO-W-BIURZE-STOWARZYSZENIA-NASZA-KRAJNA.pdf\" class=\"wp-block-file__button wp-element-button\" download aria-describedby=\"wp-block-file--media-8e08598b-1731-4c55-97a8-ebca1acd5016\">Pobierz<\/a><\/div>\n\n\n\n<p class=\"has-medium-font-size\">Ewaluacja<\/p>\n\n\n\n<div class=\"wp-block-file\"><a id=\"wp-block-file--media-6787dc4c-bc56-4bf9-9c0c-fc74fedc90b7\" href=\"https:\/\/naszakrajna.org\/wp-content\/uploads\/2025\/10\/raport-ewaluacyjny-za-2024.pdf\" target=\"_blank\" rel=\"noreferrer noopener\">raport ewaluacyjny za 2024<\/a><a href=\"https:\/\/naszakrajna.org\/wp-content\/uploads\/2025\/10\/raport-ewaluacyjny-za-2024.pdf\" class=\"wp-block-file__button wp-element-button\" download aria-describedby=\"wp-block-file--media-6787dc4c-bc56-4bf9-9c0c-fc74fedc90b7\">Pobierz<\/a><\/div>\n\n\n\n<p class=\"has-medium-font-size\">Sprawozdanie z realizacji LSR<\/p>\n\n\n\n<div class=\"wp-block-file\"><a id=\"wp-block-file--media-cfb476ef-bb46-4e4c-97db-02fa3670d534\" href=\"https:\/\/naszakrajna.org\/wp-content\/uploads\/2026\/03\/sprawozdanie-skan-na-strone.pdf\">Sprawozdanie za 2024 rok (opublikowano 30.06.2025 r.) <\/a><a href=\"https:\/\/naszakrajna.org\/wp-content\/uploads\/2026\/03\/sprawozdanie-skan-na-strone.pdf\" class=\"wp-block-file__button wp-element-button\" download aria-describedby=\"wp-block-file--media-cfb476ef-bb46-4e4c-97db-02fa3670d534\">Pobierz<\/a><\/div>\n\n\n\n<p class=\"has-medium-font-size\">Dokumenty archiwalne<\/p>\n\n\n\n<div class=\"wp-block-file\"><a id=\"wp-block-file--media-35968da5-7069-4522-9044-3343cbb165b3\" href=\"https:\/\/naszakrajna.org\/wp-content\/uploads\/2024\/03\/LSR2023-2029popr.pdf\">Lokalna Strategia Rozwoju<\/a><a href=\"https:\/\/naszakrajna.org\/wp-content\/uploads\/2024\/03\/LSR2023-2029popr.pdf\" class=\"wp-block-file__button wp-element-button\" download aria-describedby=\"wp-block-file--media-35968da5-7069-4522-9044-3343cbb165b3\">Pobierz<\/a><\/div>\n\n\n\n<div class=\"wp-block-file\"><a id=\"wp-block-file--media-0e5b8e90-8794-43cf-a113-330328bde8d5\" href=\"https:\/\/naszakrajna.org\/wp-content\/uploads\/2024\/07\/LSR2023-2029popr-na-31.05.2024_druk.pdf\">Lokalna Strategia Rozwoju 2023-2029<\/a><a href=\"https:\/\/naszakrajna.org\/wp-content\/uploads\/2024\/07\/LSR2023-2029popr-na-31.05.2024_druk.pdf\" class=\"wp-block-file__button wp-element-button\" download aria-describedby=\"wp-block-file--media-0e5b8e90-8794-43cf-a113-330328bde8d5\">Pobierz<\/a><\/div>\n\n\n\n<div class=\"wp-block-file\"><a id=\"wp-block-file--media-f1b04fbd-a242-45e3-b9c2-592edc89abd9\" href=\"https:\/\/naszakrajna.org\/wp-content\/uploads\/2024\/04\/WZOR-Harmonogram-naborow-wnioskow-o-przyznanie-pomocy_-propozycja-LGD.pdf\">WZOR-Harmonogram-naborow-wnioskow-o-przyznanie-pomocy_-propozycja-LGD<\/a><a href=\"https:\/\/naszakrajna.org\/wp-content\/uploads\/2024\/04\/WZOR-Harmonogram-naborow-wnioskow-o-przyznanie-pomocy_-propozycja-LGD.pdf\" class=\"wp-block-file__button wp-element-button\" download aria-describedby=\"wp-block-file--media-f1b04fbd-a242-45e3-b9c2-592edc89abd9\">Pobierz<\/a><\/div>\n\n\n\n<div class=\"wp-block-file\"><a id=\"wp-block-file--media-99e89e7c-6d47-41ea-8c76-82ca7601b341\" href=\"https:\/\/naszakrajna.org\/wp-content\/uploads\/2025\/06\/PLAN-KOMUNIKACJI.pdf\">PLAN KOMUNIKACJI<\/a><a href=\"https:\/\/naszakrajna.org\/wp-content\/uploads\/2025\/06\/PLAN-KOMUNIKACJI.pdf\" class=\"wp-block-file__button wp-element-button\" download aria-describedby=\"wp-block-file--media-99e89e7c-6d47-41ea-8c76-82ca7601b341\">Pobierz<\/a><\/div>\n\n\n\n<p><\/p>\n","protected":false},"excerpt":{"rendered":"<p>Dokumenty do pobrania: Instrukcja wype\u0142niania wniosku o p\u0142atno\u015b\u0107 oraz za\u0142\u0105cznika \u201eZestawienie dokument\u00f3w\u201d, kt\u00f3ry nale\u017cy uwzgl\u0119dni\u0107&#8230;<\/p>\n","protected":false},"author":1,"featured_media":0,"parent":0,"menu_order":5,"comment_status":"closed","ping_status":"closed","template":"","meta":{"om_disable_all_campaigns":false,"_monsterinsights_skip_tracking":false,"_monsterinsights_sitenote_active":false,"_monsterinsights_sitenote_note":"","_monsterinsights_sitenote_category":0,"footnotes":""},"class_list":["post-183","page","type-page","status-publish","hentry"],"aioseo_notices":[],"_links":{"self":[{"href":"https:\/\/naszakrajna.org\/index.php\/wp-json\/wp\/v2\/pages\/183","targetHints":{"allow":["GET"]}}],"collection":[{"href":"https:\/\/naszakrajna.org\/index.php\/wp-json\/wp\/v2\/pages"}],"about":[{"href":"https:\/\/naszakrajna.org\/index.php\/wp-json\/wp\/v2\/types\/page"}],"author":[{"embeddable":true,"href":"https:\/\/naszakrajna.org\/index.php\/wp-json\/wp\/v2\/users\/1"}],"replies":[{"embeddable":true,"href":"https:\/\/naszakrajna.org\/index.php\/wp-json\/wp\/v2\/comments?post=183"}],"version-history":[{"count":32,"href":"https:\/\/naszakrajna.org\/index.php\/wp-json\/wp\/v2\/pages\/183\/revisions"}],"predecessor-version":[{"id":1813,"href":"https:\/\/naszakrajna.org\/index.php\/wp-json\/wp\/v2\/pages\/183\/revisions\/1813"}],"wp:attachment":[{"href":"https:\/\/naszakrajna.org\/index.php\/wp-json\/wp\/v2\/media?parent=183"}],"curies":[{"name":"wp","href":"https:\/\/api.w.org\/{rel}","templated":true}]}}