{"id":146,"date":"2023-03-06T12:09:33","date_gmt":"2023-03-06T11:09:33","guid":{"rendered":"http:\/\/naszakrajna.org2\/?page_id=146"},"modified":"2023-03-28T19:03:38","modified_gmt":"2023-03-28T18:03:38","slug":"ksow","status":"publish","type":"page","link":"https:\/\/naszakrajna.org\/index.php\/ksow\/","title":{"rendered":"KSOW"},"content":{"rendered":"\n<hr class=\"wp-block-separator has-alpha-channel-opacity\"\/>\n\n\n\n<figure class=\"wp-block-image size-large\"><img decoding=\"async\" src=\"http:\/\/www.naszakrajna.org\/images\/belka-loga-ok.jpg\" alt=\"\"\/><\/figure>\n\n\n\n<p><strong>Instytucja Zarz\u0105dzaj\u0105ca Programem Rozowju Obszar\u00f3w Wiejskich na lata 2014 2020 &#8211;&nbsp;Minister Rolnictwa i Rozwoju Wsi<br>Operacja wsp\u00f3\u0142finansowana ze \u015brodk\u00f3w Unii Europejskiej w ramach Schematu II Pomocy Technicznej &#8222;Krajowa Sie\u0107 Obszar\u00f3w Wiejskich&#8221; Programu Rozowju Obszar\u00f3w Wiejskich na lata 2014 &#8211;&nbsp;2020<\/strong><strong><br><br>Tytu\u0142&nbsp;Operacji:&nbsp;<\/strong>Efekty wdra\u017cania Lokalnych Strategii Rozwoju na terenie wojew\u00f3dztwa kujawsko&nbsp;\u2013&nbsp;pomorskiego.<strong><br>Cele&nbsp;<\/strong><strong>operacji:&nbsp;<\/strong>Zapoznanie uczestnik\u00f3w projektu z efektami wdra\u017cania LSR na terenie Wojew\u00f3dztwa Kujawsko&nbsp;\u2013&nbsp;Pomorskiego, wzmocnienie pozycji Lokalnych Grup Dzia\u0142ania w regionie kujawsko&nbsp;\u2013&nbsp;pomorskim oraz zwi\u0119kszenie ich potencja\u0142u na p\u0142aszczy\u017anie realizacji wsp\u00f3lnych inicjatyw i aktywizacji lokalnych spo\u0142eczno\u015bci.<\/p>\n\n\n\n<p><strong>Przewidywane efekty realizacji operacji oraz przewidywany wp\u0142yw jej realizacji na rozw\u00f3j obszar\u00f3w wiejskich:&nbsp;<br><\/strong>&#8211;&nbsp;zwi\u0119kszenie ilo\u015bci oraz poprawa jako\u015bci sieci kontakt\u00f3w Lokalnych Grup Dzia\u0142ania z woj. kujawsko-pomorskiego,<br>&#8211;&nbsp;podniesienie poziomu wiedzy uczestnik\u00f3w seminarium oraz wizyty studyjnej skutkuj\u0105cych wi\u0119ksz\u0105 ilo\u015bci\u0105 nowych inicjatyw w zakresie rozwoju lokalnego<br>integracja i aktywizacja uczestnik\u00f3w projektu,<br>&#8211;&nbsp;wzmocnienie potencja\u0142u organizacyjnego Lokalnych Grup Dzia\u0142ania z wojew\u00f3dztwa kujawsko-pomorskiego do wdra\u017cania Lokalnych Strategii Rozwoju, zgodnie z ide\u0105 RLKS&nbsp;<\/p>\n\n\n\n<p>&#8211;&nbsp;min. 14 Lokalnych Grup Dzia\u0142ania uczestnicz\u0105cych w seminarium.&nbsp;<\/p>\n\n\n\n<p><strong>Seminarium Kujawsko-Pomorskiej Sieci Lokalnych Grup Dzia\u0142ania<br>Wi\u0119cbork 11-12 pa\u017adziernik 2022<br><\/strong><\/p>\n\n\n\n<p>W dniach 11-12.10.2022 r. w Wi\u0119cborku odby\u0142o si\u0119 coroczne seminarium Kujawsko-Pomorskiej Sieci Lokalnych Grup Dzia\u0142ania pt. \u201eEfekty wdra\u017cania Lokalnych Strategii Rozwoju na terenie wojew\u00f3dztwa kujawsko-pomorskiego\u201d.&nbsp;<br>Dzie\u0144 I seminarium to sesja plenarna dotycz\u0105ca efekt\u00f3w dotychczasowego wdra\u017cania instrumentu RLKS w naszym wojew\u00f3dztwie, jak r\u00f3wnie\u017c dyskusja o przysz\u0142o\u015bci i prezentacja dobrych praktyk w zakresie projekt\u00f3w realizowanych w ramach lokalnych strategii rozwoju.<br>Podczas drugiego dnia seminarium odby\u0142 si\u0119 wyjazd studyjny z prezentacj\u0105 dobrych praktyk z obszaru Lokalnej Grupy Dzia\u0142ania Stowarzyszenia NASZA KRAJNA. W ramach wyjazdu uczestnicy zapoznali si\u0119 z lokalnymi inicjatywami s\u0142u\u017c\u0105cymi poprawie dost\u0119pu do infrastruktury publicznej, wyr\u00f3wnywania szans rozwojowych wszystkich mieszka\u0144c\u00f3w oraz dywersyfikacji zatrudnienia na obszarach wiejskich. W trakcie wizyty odwiedzono inwestycje przeprowadzone we wszystkich &nbsp;czterech gminach powiatu s\u0119pole\u0144skiego: Przebudowa Wiejskiego Domu Kultury w Sypniewie; Remont i przebudowa budynku starej szko\u0142y w Lutowie obejmuj\u0105ca adaptacje obiektu na potrzeby aktywizacji spo\u0142ecznej; Rozbudowa z przebudowa istniej\u0105cej \u015bwietlicy wiejskiej wraz z wewn\u0119trzn\u0105 instalacj\u0105 elektryczn\u0105, c.o., wody i kanalizacji sanitarnej na terenie dzia\u0142ki nr 26\/76 w miejscowo\u015bci Radzim gmina Kamie\u0144 Kraje\u0144ski; Rozbudowa, przebudowa budynku \u015bwietlicy wiejskiej z gara\u017cem osp wraz ze zmian\u0105 sposobu u\u017cytkowania na \u015bwietlic\u0119 wiejsk\u0105 i bibliotek\u0119 z czytelni\u0105 w Wielowiczu. Podczas spotkania z Ko\u0142em Gospody\u0144 Wiejskich w Wielowiczu uczestnicy zapoznali si\u0119 z jego dzia\u0142alno\u015bci\u0105, kt\u00f3ra jest przyk\u0142adem na wykorzystanie potencja\u0142u kobiet dla rozwoju lokalnej spo\u0142eczno\u015bci. Na zako\u0144czenie drugiego dnia przeprowadzone zosta\u0142y warsztaty kulinarne z wykorzystaniem mi\u0119sa z dziczyzny wraz z degustacj\u0105 przygotowanych potraw oraz warsztaty r\u0119kodzie\u0142a z wykorzystaniem motyw\u00f3w kraje\u0144skich.&nbsp;<br>W seminarium wzi\u0119\u0142o udzia\u0142 ponad sze\u015b\u0107dziesi\u0119ciu przedstawicieli lokalnych grup dzia\u0142ania z wojew\u00f3dztwa kujawsko&nbsp;\u2013&nbsp;pomorskiego, w tym zarz\u0105d oraz pracownicy LGD Stowarzyszenie NASZA KRAJNA, pracownicy Urz\u0119du Marsza\u0142kowskiego w Toruniu, a tak\u017ce przedstawiciele Samorz\u0105d\u00f3w. Ciekawym punktem programu okaza\u0142 si\u0119 wyk\u0142ad mentorki innowacji w zakresie Smart Village oraz innych innowacji cyfrowych i spo\u0142ecznych na obszarach wiejskich. &nbsp;&nbsp;Seminarium by\u0142o r\u00f3wnie\u017c transmitowane na \u017cywo w sieci.<strong>&nbsp;&nbsp;<\/strong><\/p>\n","protected":false},"excerpt":{"rendered":"<p>Instytucja Zarz\u0105dzaj\u0105ca Programem Rozowju Obszar\u00f3w Wiejskich na lata 2014 2020 &#8211;&nbsp;Minister Rolnictwa i Rozwoju WsiOperacja&#8230;<\/p>\n","protected":false},"author":1,"featured_media":0,"parent":0,"menu_order":6,"comment_status":"closed","ping_status":"closed","template":"","meta":{"om_disable_all_campaigns":false,"_monsterinsights_skip_tracking":false,"_monsterinsights_sitenote_active":false,"_monsterinsights_sitenote_note":"","_monsterinsights_sitenote_category":0,"footnotes":""},"class_list":["post-146","page","type-page","status-publish","hentry"],"aioseo_notices":[],"_links":{"self":[{"href":"https:\/\/naszakrajna.org\/index.php\/wp-json\/wp\/v2\/pages\/146","targetHints":{"allow":["GET"]}}],"collection":[{"href":"https:\/\/naszakrajna.org\/index.php\/wp-json\/wp\/v2\/pages"}],"about":[{"href":"https:\/\/naszakrajna.org\/index.php\/wp-json\/wp\/v2\/types\/page"}],"author":[{"embeddable":true,"href":"https:\/\/naszakrajna.org\/index.php\/wp-json\/wp\/v2\/users\/1"}],"replies":[{"embeddable":true,"href":"https:\/\/naszakrajna.org\/index.php\/wp-json\/wp\/v2\/comments?post=146"}],"version-history":[{"count":2,"href":"https:\/\/naszakrajna.org\/index.php\/wp-json\/wp\/v2\/pages\/146\/revisions"}],"predecessor-version":[{"id":158,"href":"https:\/\/naszakrajna.org\/index.php\/wp-json\/wp\/v2\/pages\/146\/revisions\/158"}],"wp:attachment":[{"href":"https:\/\/naszakrajna.org\/index.php\/wp-json\/wp\/v2\/media?parent=146"}],"curies":[{"name":"wp","href":"https:\/\/api.w.org\/{rel}","templated":true}]}}